42?
1
What is the ten millions digit of 3865885495?
6
What is the thousands digit of 146888857?
8
What is the millions digit of 6508648?
6
What is the millions digit of 15213955?
5
What is the hundreds digit of 499173709?
7
What is the millions digit of 49917102?
9
What is the hundreds digit of 103248770?
7
What is the hundred millions digit of 654853880?
6
What is the hundreds digit of 7834260?
2
What is the thousands digit of 49904396?
4
What is the tens digit of 469906867?
6
What is the ten millions digit of 49329946?
4
What is the ten millions digit of 1353562126?
5
What is the millions digit of 107708071?
7
What is the millions digit of 110502367?
0
What is the thousands digit of 162718348?
8
What is the hundred millions digit of 2076843419?
0
What is the millions digit of 1009818140?
9
What is the ten thousands digit of 607998467?
9
What is the units digit of 2233058162?
2
What is the millions digit of 255001301?
5
What is the hundreds digit of 3896430692?
6
What is the millions digit of 292310296?
2
What is the ten millions digit of 417891683?
1
What is the hundred millions digit of 457941947?
4
What is the ten millions digit of 1050747869?
5
What is the hundred thousands digit of 462712422?
7
What is the tens digit of 21338291?
9
What is the ten millions digit of 51787709?
5
What is the ten thousands digit of 414267883?
6
What is the thousands digit of 6796906?
6
What is the millions digit of 266504386?
6
What is the units digit of 788792268?
8
What is the units digit of 91916125?
5
What is the units digit of 37906000?
0
What is the hundred thousands digit of 264114651?
1
What is the units digit of 1608035694?
4
What is the hundreds digit of 77454592?
5
What is the units digit of 3252728111?
1
What is the ten thousands digit of 6764210?
6
What is the tens digit of 44417407?
0
What is the thousands digit of 6089509560?
9
What is the hundred thousands digit of 480623827?
6
What is the tens digit of 110594108?
0
What is the ten thousands digit of 72992751?
9
What is the millions digit of 4687534255?
7
What is the hundred thousands digit of 20518216?
5
What is the thousands digit of 1252055936?
5
What is the ten thousands digit of 999230265?
3
What is the tens digit of 1231580152?
5
What is the thousands digit of 140031579?
1
What is the millions digit of 29262698?
9
What is the units digit of 1290744016?
6
What is the thousands digit of 95340996?
0
What is the hundred thousands digit of 151703351?
7
What is the units digit of 189775338?
8
What is the thousands digit of 428656705?
6
What is the hundred millions digit of 2199630957?
1
What is the ten thousands digit of 409553282?
5
What is the ten thousands digit of 1175660427?
6
What is the millions digit of 67135807?
7
What is the tens digit of 97546293?
9
What is the hundred millions digit of 678911238?
6
What is the hundreds digit of 63828546?
5
What is the thousands digit of 843990659?
0
What is the hundred millions digit of 1203607445?
2
What is the hundred millions digit of 764920424?
7
What is the thousands digit of 3218922500?
2
What is the thousands digit of 4688872701?
2
What is the ten thousands digit of 72602455?
0
What is the hundreds digit of 612835792?
7
What is the hundred millions digit of 942128226?
9
What is the hundred thousands digit of 801633490?
6
What is the billions digit of 1047354900?
1
What is the hundred millions digit of 162999912?
1
What is the ten millions digit of 725847110?
2
What is the units digit of 1292439497?
7
What is the tens digit of 389064077?
7
What is the hundred millions digit of 234154143?
2
What is the millions digit of 679305346?
9
What is the units digit of 28750164?
4
What is the thousands digit of 877747213?
7
What is the units digit of 9109158?
8
What is the hundred millions digit of 406341928?
4
What is the ten thousands digit of 2380150770?
5
What is the units digit of 2078473106?
6
What is the thousands digit of 874576?
4
What is the tens digit of 527395274?
7
What is the units digit of 777705699?
9
What is the units digit of 2629269?
9
What is the hundred millions digit of 121957198?
1
What is the ten millions digit of 364242807?
6
What is the units digit of 8384632586?
6
What is the ten millions digit of 2428407651?
2
What is the units digit of 158261796?
6
What is the tens digit of 227196396?
9
What is the hundreds digit of 428792012?
0
What is the millions digit of 10025849?
0
What is the tens digit of 34409618?
1
What is the tens digit of 156739000?
0
What is the hundred millions digit of 3338519580?
3
What is the units digit of 20253014?
4
What is the hundreds digit of 779891755?
7
What is the billions digit of 1006026807?
1
What is the hundred thousands digit of 310393361?
3
What is the hundreds digit of 334374944?
9
What is the millions digit of 6273808022?
3
What is the hundreds digit of 30391169?
1
What is the hundred thousands digit of 36092525?
0
What is the ten millions digit of 126932594?
2
What is the hundred thousands digit of 59789822?
7
What is the thousands digit of 35978853?
8
What is the thousands digit of 22503245?
3
What is the units digit of 748497348?
8
What is the ten millions digit of 2032799394?
3
What is the billions digit of 2059031846?
2
What is the hundreds digit of 886293676?
6
What is the thousands digit of 322755837?
5
What is the units digit of 15338323?
3
What is the hundred millions digit of 1812943483?
8
What is the units digit of 60823511?
1
What is the hundred millions digit of 214696753?
2
What is the hundreds digit of 10919628?
6
What is the thousands digit of 413794618?
4
What is the ten thousands digit of 1974181887?
8
What is the ten millions digit of 237815632?
3
What is the millions digit of 103034226?
3
What is the tens digit of 292417420?
2
What is the millions digit of 18947336?
8
What is the millions digit of 1768729407?
8
What is the hundreds digit of 197170733?
7
What is the thousands digit of 115103874?
3
What is the hundred thousands digit of 918246618?
2
What is the millions digit of 524380374?
4
What is the ten millions digit of 4413223394?
1
What is the tens digit of 72488741?
4
What is the hundreds digit of 66245686?
6
What is the millions digit of 92266275?
2
What is the millions digit of 1733995117?
3
What is the thousands digit of 140517022?
7
What is the ten millions digit of 95587825?
9
What is the tens digit of 156317584?
8
What is the ten millions digit of 51274564?
5
What is the hundred thousands digit of 754851291?
8
What is the billions digit of 1809484719?
1
What is the ten millions digit of 23071689?
2
What is the hundreds digit of 400238682?
6
What is the hundreds digit of 233890236?
2
What is the ten thousands digit of 334613843?
1
What is the ten thousands digit of 31415318?
1
What is the units digit of 35065522?
2
What is the millions digit of 4837311973?
7
What is the units digit of 46417077?
7
What is the billions digit of 2366454777?
2
What is the thousands digit of 7968815849?
5
What is the hundred millions digit of 1201325530?
2
What is the millions digit of 45233971?
5
What is the tens digit of 164379587?
8
What is the thousands digit of 353128067?
8
What is the billions digit of 2999837240?
2
What is the hundred millions digit of 627485846?
6
What is the millions digit of 50624270?
0
What is the units digit of 2828652370?
0
What is the hundreds digit of 260390131?
1
What is the billions digit of 5700004289?
5
What is the units digit of 129010433?
3
What is the thousands digit of 36395928?
5
What is the ten millions digit of 519944003?
1
What is the ten thousands digit of 661906860?
0
What is the hundred thousands digit of 23042736?
0
What is the ten thousands digit of 259377098?
7
What is the millions digit of 28344391?
8
What is the ten millions digit of 26990194?
2
What is the tens digit of 147789525?
2
What is the hundred thousands digit of 64260190?
2
What is the hundreds digit of 31624995?
9
What is the tens digit of 2133973634?
3
What is the millions digit of 523046005?
3
What is the ten millions digit of 1422244588?
2
What is the ten millions digit of 250024323?
5
What is the hundred thousands digit of 298219300?
2
What is the tens digit of 1043850178?
7
What is the millions digit of 3734510300?
4
What is the units digit of 411084270?
0
What